+ 15. What is w(u)?
-1
Let i(f) = -f**2 - 8*f + 35. Let t = -81 + 71. Give i(t).
15
Let r(y) = y**2 + 11*y + 19. Let k = -55 + 5. Let g = k - -41. Let d be r(g). Let n(j) = -2*j**2 - j. Determine n(d).
-3
Let t(n) = -2 + 1 + 22*n + n**2 + 22*n - 40*n. Let x be 2/2 + 1 + 3. Suppose 3*j - 4*j = g + 2, 0 = x*j + g + 18. Determine t(j).
-1
Let i(d) = 3*d**2 + 5*d + 4. Let r(j) be the first derivative of -j**3/3 - 13*j**2/2 + 27*j - 78. Let v be r(-15). Give i(v).
16
Let r(j) = -4*j**2 + 29*j - 66*j + 37*j + 58*j + 7*j - 1. Determine r(16).
15
Let h(u) = 6*u**2 + 45*u + 19. Let o(y) = -y**3 + y**2 + 7*y - 17. Let p be o(2). Give h(p).
-2
Let g(v) be the second derivative of -7*v**3/6 + 7*v**2 + 4973*v. Give g(-18).
140
Let o(s) = -9*s. Let b be o(-2). Suppose -5*u + 8*u + b = 0. Let p(y) be the first derivative of -y**2/2 - 5*y - 12. Give p(u).
1
Let b(j) be the third derivative of -j**5/60 - j**4/6 + j**2. Suppose -3*v - m - 84 = 0, v + 5*m + 28 = -14. Let h = -31 - v. Give b(h).
0
Suppose -4*v = -3*i - 1, v - 5*v - 4 = -4*i. Suppose -q - 2*b = 3, q - b + 5 = -i*b. Let c(f) = 2*f - 1. Give c(q).
-3
Let a(o) = -13*o - 4. Let i(r) = -12*r - 3. Let p(s) = -5*a(s) + 6*i(s). Suppose 0 = -36*u - 12 - 60. Calculate p(u).
16
Let w(v) = 8*v - 4. Let k(o) = -15*o + 7. Let u(c) = -k(c) - 2*w(c). Let s = -3 + 2. Determine u(s).
2
Let l = -22 + 24. Let b(u) = 5 - l + u + 0. Let t be b(-2). Let m(s) = -4*s**2 - s. Determine m(t).
-5
Let b = 19433 - 19429. Let z(d) = -7*d - 1. Let t(r) = r. Let y(x) = -5*t(x) - z(x). Give y(b).
9
Let p(n) = -2*n**2 + n - 1. Suppose -15*q - 1378 = -2*q. Let b = -103 - q. Suppose b*i + 4*g + 0 - 18 = 0, -4*i - g = -11. Give p(i).
-7
Let o(q) = q**3 + 4*q**2 - q - 5. Let w(d) = -111*d - 5. Let j be w(-7). Suppose 2*x - j = -780. Calculate o(x).
-1
Let x(c) = -c**2 - 8*c - 2. Let k be (-1)/(44/(-8)) + 185/11. Let d be (k - 14) + 33/(-3). Determine x(d).
-2
Let u(y) = 2*y + 10. Let i(a) = -a - 3. Let p(n) = 8*i(n) + 3*u(n). Suppose 127 = 27*z + 100. Let l(d) = 1. Let m(t) = z*p(t) - 5*l(t). What is m(2)?
-3
Let j(w) be the first derivative of w**4 + 3*w**3 - 2*w**2 - 11*w + 67. Let x(d) = -d**3 - d**2 + d + 1. Let s(k) = j(k) + 3*x(k). Calculate s(-6).
-2
Let m be (60/(-22))/(9/(-99)). Suppose -33*x + m*x - 30 = 0. Let a(t) = -t**3 - 11*t**2 - 9*t + 8. Give a(x).
-2
Let o(c) be the third derivative of c**4/24 + 5*c**3/6 + c**2 - 667. Let b(s) = s**3 + 7*s**2 + 5*s - 6. Let v be b(-6). Calculate o(v).
5
Let n = 102 + -108. Let c(s) = -4*s - 14. Let k(p) = 2*p + 7. Let i(m) = -4*c(m) - 9*k(m). What is i(n)?
5
Let p(o) = 3*o**3 - 3*o + 2. Let a = -11649 - -11652. Determine p(a).
74
Let q(l) = -7*l**3 - 3*l**2 + 3*l. Let h(b) = b**3 + 1. Let z(f) = -6*h(f) - q(f). Let d = 47 + -35. Let t be ((-5)/(-15))/((-1)/d). Give z(t).
-10
Suppose 2*n + 3*w = 4*n - 84, -3*w + 210 = 5*n. Let x = -37 + n. Suppose 0 = 3*y + x - 23. Let p(j) = j**2 - 4*j - 4. Give p(y).
8
Let d(w) = w**3 - 7*w**2 + 3*w + 6. Let u = 11 + -8. Suppose 5*b = -u*h + 24, -2*h = -3*h + 3*b + 22. Let r = -7 + h. Calculate d(r).
-12
Let f(a) = 37*a + 36*a + 2 - 2*a**2 + 3*a**2 - 80*a. Suppose 5*y + 0*y + 5*k + 55 = 0, -2*k = 4*y + 42. Let u be (-14)/(-3) + y/15. Determine f(u).
-10
Let x(y) = 0 - 51902*y**2 + 0 + 51903*y**2 - y. Suppose -6 = -0*j + 2*j. Determine x(j).
12
Let f(t) be the second derivative of t**5/20 + t**4/12 - t**3/6 + t**2 - 3*t + 439. Calculate f(-3).
-13
Let q be 3/(-4)*(54/(-2) - -23). Let c(u) be the second derivative of 0 - 11*u + 2/3*u**q - 1/2*u**2. What is c(-2)?
-9
Let b = 0 - -6. Suppose -l = 5*f - 23, 2*l + 2*f + 0*f = b. Let t(n) = -n**3 - n**2 + 2*n + 3. Give t(l).
3
Let u = -75 - -75. Let m(k) = u - 8 - 24*k - 7 + 14. Give m(1).
-25
Let y(t) = -t - 7. Let w = -76 - -70. Let b(r) = 2*r**3 + 13*r**2 + 4*r - 16. Let z be b(w). What is y(z)?
-3
Let z(v) = 71*v + 231. Let p(q) = 14*q + 45. Let o(b) = 11*p(b) - 2*z(b). Give o(-6).
-39
Let x(t) = t**2 - 10*t - 14. Let i be (-66)/(-9) - (12/18)/2. Determine x(i).
-35
Let r(i) = 3 + 0*i**2 - 3*i - 11 - 8*i - 2*i**2 + 22*i. What is r(7)?
-29
Suppose 0 = -10*p - 2 + 2. Suppose p = -6*u + 6 - 0. Let s(i) = -12*i**2 + i**3 - 14*i**2 - u + 19*i**2. Determine s(7).
-1
Let b(y) = y**3 + 2*y**2 - 2*y + 2. Suppose -1928 = 49*x - 1732. Determine b(x).
-22
Let a(u) = -5*u**2 - u - 17. Let f(b) = -b**2 - b - 9. Let y(w) = 2*a(w) - 7*f(w). What is y(-3)?
-13
Let t(x) = -x. Let y(i) = 4*i - 3. Let v(f) = 5*t(f) + y(f). Let a be 2 + 3/2*2. Let c(w) = -w + 2. Let d be c(a). Give v(d).
0
Let n(b) = b**2 + 26*b + 20. Let c(j) = -4*j. Let q(g) = 5*c(g) + n(g). Determine q(-4).
12
Let y(r) be the second derivative of r**5/20 - 2*r**4/3 + 11*r**3/6 + 3*r**2/2 - 1396*r. Give y(4).
-17
Let v be (-6)/(-4)*260/78. Let i(a) = -10*a**2 + 8*a - 7. Let n(c) = -9*c**2 + 7*c - 6. Let h(u) = v*i(u) - 6*n(u). Give h(1).
3
Let h(v) = -2*v**3 - 5*v**2 - 2*v + 7. Suppose -107*j - 121 = 93. Calculate h(j).
7
Let v(s) = -66*s - 202. Let p(i) = -2*i - 6. Let t(k) = 204*p(k) - 6*v(k). Give t(-1).
0
Let f be 1 - (-9)/(-27)*-21. Let g(o) = 5*o + 1. Give g(f).
41
Suppose 5 = -j - 4*j. Let y(p) = p**3 + 4*p**2 - 2*p - 1. Let w(q) = -2*q**3 - 6*q**2 + 3*q + 1. Let x(z) = 2*w(z) + 3*y(z). Calculate x(j).
0
Let s(n) = -n**3 - 4*n**2 - 4*n + 4. Let k be s(-2). Suppose -c - 24 = 4*i, k*i - 3*c + 30 = 6. Let b(o) = o**2 + 9*o + 15. What is b(i)?
-3
Let j(w) be the third derivative of w**4/12 + 23*w**3/6 + 260*w**2. Determine j(-12).
-1
Let m(l) = 22*l**2. Let q be 1 - 0 - -94 - -4. Let x = 93 - q. Let f be (-7)/(-21) - x/9. What is m(f)?
22
Suppose 3*p - 15 + 17 = -4*t, -p = t. Let q(r) = 72*r - 8 - 30*r - 36*r + p. What is q(2)?
6
Let u(g) = 73*g - 7. Let d be u(-3). Let x = 230 + d. Let q(v) be the third derivative of v**6/120 - v**5/15 + v**2. What is q(x)?
0
Let g(r) = 19*r**3 - 26*r**2 + 7*r - 36. Let p(w) = -14*w**3 + 26*w**2 - 5*w + 35. Let a(j) = 3*g(j) + 4*p(j). Calculate a(-26).
6
Suppose 5*l + 1256 = 1241. Let h(p) = 4*p**3 + 2*p**2 + 10*p + 4. Let q(j) = 7*j**3 + 5*j**2 + 18*j + 8. Let f(m) = -5*h(m) + 3*q(m). Calculate f(l).
10
Suppose y + 2*d - 16 = -42, 0 = -3*d + 3. Let m(h) = 29*h + 262. Let j be m(-8). Let w = j + y. Let b(l) = -l**2 + l - 2. What is b(w)?
-4
Let g(v) = 7*v - 25 + 7*v + 11*v - 18 + 45. Calculate g(-3).
-73
Let r = -51 - -47. Let g be 3/r - (-94)/8. Let m(c) = -c**2 + 14*c - 38. Let o be m(g). Let i(v) = -v**3 - 5*v**2 - v + 1. Determine i(o).
6
Suppose k + 1 - 4 = 0. Let j(u) = -3*u**k + 2*u**3 - 7*u - 2*u + 8*u**2 + 8. Let s = -377773 - -377780. Calculate j(s).
-6
Let u(k) = 37*k**2 - 704*k. Let n(l) = -17*l**2 + 325*l. Let o(d) = 13*n(d) + 6*u(d). Suppose i - 1 = 4*f, 2*f + 3 = 3*i + 10. Determine o(i).
6
Let l = -7 - -60. Suppose 4*p + 29 = l. Let r(n) = n**2 - 4*n - 4. Give r(p).
8
Let g(a) be the second derivative of -a**4/12 - 7*a**3/3 + 6*a**2 + 2081*a. Determine g(-12).
36
Let r be 12/(-8) - 19/(-2). Suppose 4*d = -r, 0 = -2*f + 5*d + 5 + 23. Let x(s) be the first derivative of s**3/3 - 9*s**2/2 + 5*s + 72. Determine x(f).
5
Let q(u) = -u**3 + 19*u - 39. Let h be q(3). Let x(s) be the first derivative of 7 + 1/4*s**4 - 13*s - 1/2*s**2 + 3*s**3. Give x(h).
-4
Let f(u) be the second derivative of u**5/20 + 11*u**4/12 + u**3 + 5*u**2/2 + 1858*u. Determine f(-11).
-61
Let i(d) = -181 + 98 - 15*d + 82 + 14*d - 13*d. Suppose 4*v + x = 2*v + 2, 4*v = -x + 6. What is i(v)?
-29
Let z(q) = 2*q + q**2 + 5 - 10 + 5 + 16*q**3. Determine z(-1).
-17
Suppose 0*z = 5*z - 140. Let j = -20 + z. Let k(h) = -2*h + 11. What is k(j)?
-5
Let r(p) = 41*p + 284. Let g be r(-7). Let j(n) = 4*n**3 + 7*n**2 + 2*n. Let w(o) = -3*o**3 - 6*o**2 - 2*o - 1. Let a(s) = -2*j(s) - 3*w(s). Give a(g).
6
Let s(n) = n**3 - 7*n**2 + 17*n - 21. Let v be s(4). Let g(w) = -17*w**2 - 2*w - 2. Calculate g(v).
-17
Let q(a) = -3 + 24*a**3 + 0*a**3 + 2*a + 0 - 8*a - 2. Determine q(-1).
-23
Let k(l) = -2*l**2 + 40*l - 150. Suppose 0 = -2*b - 32*b - 22*b + 840. What is k(b)?
0
Let s(d) = 1. Let l(z) = -6*z**3 + 3*z**2 - 2*z + 1. Let h(i) = -l(i) + 3*s(i). Let g be 1*(-9)/72*-16. What is h(g)?
42
Let v(g) = -234*g - 8*g**2 + 940*g + 12*g**2 - 238*g - 232*g - 234*g + 2*g**3. Suppose 4*j - 28 = -0*j. Let z = 5 - j. Calculate v(z).
-4
Suppose h - 4*o + 1 = 0, 9 